ctors of c.
97
Let m(d) = -2*d**2 + 17*d + 3. Suppose -2*x - 4 = -4*z, 3*x = -2*z - 5 - 9. Let j be (-2)/x*(-14)/(-1). What are the prime factors of m(j)?
2, 3
Let k(y) = -50*y + 172. List the prime factors of k(-37).
2, 3, 337
Suppose -g + 5*l = 10 + 23, -4*l - 20 = 5*g. Let h = 13 + g. Suppose -104 = -h*r + r. What are the prime factors of r?
2, 13
Let p = 32 + -24. What are the prime factors of p?
2
Suppose 11*z - 306 = -64. What are the prime factors of z?
2, 11
Suppose 13*n + 70260 = 73*n. What are the prime factors of n?
1171
Suppose 2*m - m + 14 = -3*d, 0 = -2*d - m - 8. Let x(b) = -72*b + 11. Let g(u) = 36*u - 5. Let p(z) = d*x(z) - 13*g(z). List the prime factors of p(-1).
5, 7
What are the prime factors of 6/24*(0 + 428)?
107
Suppose -190*l = -196*l + 780. List the prime factors of l.
2, 5, 13
Let z be (-6)/27 - (-438)/27. Suppose 2*p - z = 20. What are the prime factors of p?
2, 3
Let f = 1923 - 1057. Let x = f - 617. What are the prime factors of x?
3, 83
Let a = 85 - 81. Suppose y = -2*p + 38, -a*y + 103 = -y - 5*p. What are the prime factors of y?
2, 3
Let j(o) = 17*o - 3. Let w(s) = -84*s + 16. Let v(u) = 11*j(u) + 2*w(u). Suppose 0 = -z - 2*a + 9, -3*z = -4*z + 3*a - 11. What are the prime factors of v(z)?
2, 3
Suppose -4*t = -2*p - 38, 5*t + 4*p - 64 = p. Let o(z) = 2*z**3 - 22*z**2 + 8*z - 7. What are the prime factors of o(t)?
3
Suppose 6453 = 4*y - 3*i, -2*y + 955 = 3*i - 2294. List the prime factors of y.
3, 7, 11
Let g = 100 + -99. List the prime factors of 66 + 1/g - (14 + -14).
67
Suppose i = 2*o + 216, 0 = 2*i - 4*o + 2*o - 428. List the prime factors of i.
2, 53
List the prime factors of (-4)/(-154)*22 - (-1690)/7.
2, 11
Let r be -3 + -6*(-4)/3. Suppose -134 = 3*x - r*x. What are the prime factors of x?
67
Let y(a) = -a**3 + 24*a**2 + 12*a - 37. What are the prime factors of y(24)?
251
Let k(l) be the second derivative of -l**5/20 + 2*l**4/3 + l**3/2 - 9*l**2/2 + 6*l. Let c be k(9). Let i = -40 - c. What are the prime factors of i?
23
Let k be ((-16)/(-24))/(4/6). What are the prime factors of (k + 0)*1*(104 + 1)?
3, 5, 7
Suppose r + 66*o = 68*o + 1994, 0 = r + 4*o - 2006. What are the prime factors of r?
2, 3, 37
Let y(u) = u**2 - u - 9. Let s be y(4). Suppose s*h - 3*z - 379 = -h, 0 = 3*z + 15. List the prime factors of h.
7, 13
Suppose -11*u = -7*u - 44. Suppose u = 4*f + 3. Suppose -17 = -5*x - 2*l - f, 5*l + 25 = 0. What are the prime factors of x?
5
Let l(x) = 23*x**2 - 23*x - 294. What are the prime factors of l(-14)?
2, 3, 7
Suppose -o + 4*o = 0. Suppose o = -2*l + l. Let r = l + 37. What are the prime factors of r?
37
Let k(q) = 13*q**2 - 11*q - 13. List the prime factors of k(-6).
521
Suppose -5*j = -5*n - 900, -3*j + 181 + 389 = 3*n. What are the prime factors of j?
5, 37
Let y = 26 + -37. Let d = -6 - y. List the prime factors of d.
5
Suppose -2*c + 2*x - 4575 = -5*c, 0 = -4*c + 4*x + 6100. What are the prime factors of c?
5, 61
Let b = 13 + -11. What are the prime factors of 1/((-117)/59 + b)?
59
Suppose 3*t = -5*t + 120. Let x be ((-70)/t)/((-6)/45). Suppose 2*v = v + x. What are the prime factors of v?
5, 7
Suppose 14211 = 17*m - 21778. What are the prime factors of m?
29, 73
Let q be (-3)/(-5) + (-63)/5. Let h = q - -75. Let c = h + -3. What are the prime factors of c?
2, 3, 5
Let k(i) = -i - 3. Let l be k(-5). Let w be 8 + -9 - (102 - l). What are the prime factors of w/(-5) - 24/(-30)?
3, 7
Let x = -5 - -5. Suppose x = 2*y + 4*r - r + 25, -2*r - 10 = 0. What are the prime factors of y*(26/10 - 3)?
2
Let l = -3786 - -5689. What are the prime factors of l?
11, 173
Let k(u) = -20*u + 36. What are the prime factors of k(-2)?
2, 19
Suppose 5*v + 0*v + 4*z = 12, 3*v - 3*z = -9. Suppose -4*r + 17*r - 1014 = v. What are the prime factors of r?
2, 3, 13
Suppose 0 = 3*d - 4*w - 833 - 726, 5*d = 2*w + 2603. List the prime factors of d.
521
Let i be (-3)/(-3) + 0 - -2. Let c be 4 - (3 - 3)/2. Suppose -4*h = c*b - 180, -i*b = -h - 15 + 56. List the prime factors of h.
2, 11
Let y(w) = -w**3 - 10*w**2 + 11*w - 2. Let k be y(-11). Let b be (-3 + (-14)/(-4))*k. List the prime factors of (-2)/b*(-19)/(-2).
19
Let z(y) = -y**2 + 10*y + 4. Let h be z(10). Suppose -4*q + h = -2*q. Suppose x = 6 + q. What are the prime factors of x?
2
Let j = 642 + -638. What are the prime factors of j?
2
Let q(d) = d**3 + 16*d**2 + 29*d + 6. Let r be q(-14). Let t(n) = 2*n**2 + 5*n + 18. List the prime factors of t(r).
2, 53
Suppose -6*a + 16835 = 7*a. List the prime factors of (a/37)/(-1*(-2)/2).
5, 7
Let y(z) = 62*z**2 - 60*z + 5. What are the prime factors of y(-3)?
743
List the prime factors of 4/14 - 3434296/(-791).
2, 13, 167
Let s = 33 + -21. Let y be 8/6*s/8. Suppose y*b - 16 = 22. List the prime factors of b.
19
Suppose 0*d = -11*d + 3971. List the prime factors of d.
19
Let r be (198/(-4))/((-4)/56). Suppose 6*q + r = 17*q. List the prime factors of q.
3, 7
Suppose 5*u = u + 24. Suppose -u*d = -3*d - 18. Suppose d*v = v + 245. What are the prime factors of v?
7
Suppose 746 = 3*r - 814. List the prime factors of 14/(-49) + r/7.
2, 37
Let y be 1*3 + (8 - 9). Suppose o - y*t - 55 = -19, -o = 5*t - 8. Let v = 48 - o. List the prime factors of v.
2, 5
Let f = -1 + 5. Let v(i) = -i**3 - 14*i**2 + 15*i + 16. Let g be v(-15). Suppose -116 = -f*p - g. What are the prime factors of p?
5
Let j(s) = -2*s**3 - s**2. Let g be j(-2). Suppose 0 = 2*z - 238 - g. Suppose 2*v - z - 1 = 0. What are the prime factors of v?
3, 7
Let s be 9*(40/(-6) + -1). Suppose -x + 2*l = l + 34, 4*l = 8. Let g = x - s. List the prime factors of g.
37
Let m = -2 - -5. Suppose -m*z = -142 + 4. List the prime factors of z.
2, 23
Let d(h) = -21*h**3 + 8 - h**2 + 22*h**3 - 2*h**3. Suppose -a + 3*b - 9 = 0, 5*a + 8*b - 3*b - 15 = 0. List the prime factors of d(a).
2
Let o be 5/(-15) + (-7)/(-3). Let l(h) = 9*h - 1. What are the prime factors of l(o)?
17
Suppose 9 + 17 = -2*j. What are the prime factors of 10/65 - 778/j?
2, 3, 5
Suppose -3*g - 4*d = -63, 22 = 3*g - g - 4*d. Let p = -14 + g. What are the prime factors of ((-24)/(-20))/(p/20)?
2
List the prime factors of 5 - ((-3)/(-30) - 137718/180).
2, 5, 7, 11
Suppose -4*i - p - 4*p + 1632 = 0, 5*p = 5*i - 2040. List the prime factors of i.
2, 3, 17
Suppose -a + 128 = 3*a. Let w = 56 - a. List the prime factors of w.
2, 3
Let s(v) = v**3 - 8*v**2 + 8*v + 2. Let x = 8 + 1. List the prime factors of s(x).
5, 31
Let j(z) = 3*z + 31. Let d be j(-9). What are the prime factors of 2 - (-102 + 2)/(2/d)?
2, 101
Suppose -3 - 1 = 2*y, 3*l - 5*y - 70 = 0. Suppose 24*d - 192 = l*d. List the prime factors of d.
2, 3
Suppose 1034 = 3*n + 5*t, 0 = 4*n - 2*t - 2014 + 592. What are the prime factors of n?
353
Let l(o) = -14*o + 200. What are the prime factors of l(-33)?
2, 331
Let z be -3 + 10 + (2 - 2). Let b(m) = 27 - z*m + m**3 - 12 - 16*m**2 - 7*m. What are the prime factors of b(17)?
2, 3, 11
Let a be 46*(2 - -1)/3. Suppose 4*s = 5*s - a. List the prime factors of s.
2, 23
Let p(q) = 2*q**2 + 4*q - 1. Let x(v) = v**2 + 6*v + 6. Let d be x(-4). Let s be p(d). List the prime factors of 17*s*(-1 - 0).
17
Suppose 0 = 4*m - 2*p - 338, -2*p = 3*m + 2*p - 281. List the prime factors of m.
3, 29
Let n = -179 + 183. Let h be 270/14 + (-2)/7. Suppose -h - 1 = -n*d. What are the prime factors of d?
5
Let c(p) = -2*p**3 + 26*p**2 + p + 18. What are the prime factors of c(11)?
3, 19
Let z(k) = -8*k**2 - 5*k + 4. Let q be z(2). Let u = q + 77. What are the prime factors of u?
3, 13
Suppose 2 = 3*j - j. List the prime factors of 4 + 1/(j/31).
5, 7
Suppose 0 = -45*i + 755 + 3565. List the prime factors of i.
2, 3
Suppose -310 = -g - 5*p, 7*g - 3*p = 2*g + 1522. Let m = g - 56. What are the prime factors of m?
3, 83
Suppose 2*g - 4*g = 2. Let h(v) = -11*v**3 - v**2. What are the prime factors of h(g)?
2, 5
Let w = -1943 - -3375. List the prime factors of w.
2, 179
Let y = 6 + -2. Let n = 23 + -14. Let r = n + y. List the prime factors of r.
13
Let h = 12313 + -8468. What are the prime factors of h?
5, 769
List the prime factors of 4*(-1 + (-5812)/(-8)) + -2.
2, 5, 29
Let h(p) be the second derivative of p**4/3 - p**3/3 + 3*p**2/2 - 13*p. What are the prime factors of h(6)?
3, 5
Suppose 0 = s - 2*m - 225, 3*s + 4*m - 683 = 2*m. Suppose 0 = -3